he highest common divisor of k and 1712.
16
Let d(r) be the second derivative of -11*r**5/4 - r**4/3 + r**3/6 + 7*r**2/2 + 144*r. Let j be d(-2). What is the greatest common divisor of j and 33?
33
Let i be (-12)/(-2) - (-1 + -17 + 12). Suppose -160 = -44*t + i*t. Calculate the highest common divisor of 210 and t.
5
Suppose 2*s - 2*l = -2*s + 714, 0 = 3*s - 4*l - 553. Calculate the highest common factor of s and 8225.
175
Let z be 1102/25 + (3 - 616/200). What is the highest common factor of z and 3564?
44
Let s(w) = w**2 - 46*w - 143. Let u be s(49). Suppose -j = -l + 30, u*j - 27 = -5*l + 123. What is the greatest common factor of l and 270?
30
Suppose -182*o + 201*o - 98211 = 0. Calculate the greatest common factor of 3 and o.
3
Let f be (16/3)/((-56)/252). Let z be 5/((-2*(-1)/f)/(-1)). Calculate the greatest common factor of z and 48.
12
Let v = 6710 + -3702. Calculate the greatest common divisor of 448 and v.
64
Suppose 1000*q - 981*q = 14136. Calculate the highest common factor of 24 and q.
24
Let l(k) = -4*k**2 + 48*k - 32. Let c be l(11). Let j = -14 - -16. Suppose 61 = -j*t + 373. What is the greatest common factor of c and t?
12
Let o be ((-12)/4 - 2) + (3 - -2560 - -2). What is the highest common divisor of o and 144?
16
Let c be (-283 - 3) + -2*5/10. Let w = c + 507. What is the greatest common factor of w and 88?
44
Let y = 2613 + -2586. What is the greatest common divisor of y and 69?
3
Let c(x) = -51*x**3 - x**2 - 44*x - 68. Let u be c(-2). Calculate the greatest common divisor of u and 8215.
53
Let o(d) = -195*d + 172. Let r be o(-5). Suppose -6*v = -r - 413. Let u = -29 - -55. Calculate the highest common factor of u and v.
26
Let f = 8877 + -8439. Calculate the greatest common factor of 6 and f.
6
Suppose 0 = 28*n - 1540 - 812. Calculate the greatest common factor of n and 5628.
84
Let m be (6 - (-12)/(-3))/((-4)/(-54)) + 3. What is the highest common divisor of 4695 and m?
15
Let f(x) = -5*x**2 + 10 - 63*x + 6*x**2 + 55*x. Let r be f(7). Let k = 17 - -4. Calculate the greatest common divisor of r and k.
3
Let j = 17911 + -17347. Let t = 12 - 0. What is the greatest common factor of j and t?
12
Let h = -557 - -577. Let i = 545 + -205. What is the highest common factor of h and i?
20
Let t = 13 + -9. Let n(k) = -2 + 8 - 5 - 2*k + k. Let c be n(-7). What is the greatest common factor of t and c?
4
Let w(u) = 3*u + 119. Suppose 3*a - 4 + 19 = 0, k - 2*a = -23. Let m be w(k). What is the highest common factor of m and 60?
20
Suppose -2853*x + 430 = -2810*x. Let j = -1 + 5. Calculate the greatest common factor of j and x.
2
Suppose 4*l = 2*l - 1569 + 2169. What is the highest common divisor of l and 3975?
75
Let l = -8189 + 21396. Calculate the highest common divisor of 47 and l.
47
Let t(n) = 14*n**3 + 3*n**2 - 43*n + 104. Let u be t(3). What is the greatest common divisor of u and 220?
20
Let t(i) = i**2 + 31*i - 211. Let j be (-526)/14 - 400/(-700). Let f be t(j). Calculate the greatest common factor of f and 352.
11
Suppose -476*n = -930606 - 1292790. Calculate the highest common divisor of n and 54.
27
Suppose -4*h = -20, 0 = 4*g - 34*h + 37*h - 763. What is the greatest common factor of 77 and g?
11
Let t be 16512/14 + (-40)/(-70). Let d be ((-15)/(-2))/(2/((-512)/(-48))). Calculate the highest common factor of t and d.
20
Let x(l) = 5*l**3 - 10*l**2 + 44*l - 19. Let q be x(5). Calculate the highest common divisor of q and 672.
96
Suppose -42042 = -10*k + 3*k - 42*k. Calculate the highest common factor of k and 264.
66
Suppose -102*i - 2*j = -97*i - 349, 4*i - 287 = j. What is the greatest common factor of 2627 and i?
71
Let c(k) = -15*k**3 - 2*k**2 - 2*k + 13. Let f be c(-7). Calculate the highest common factor of 43 and f.
43
Let h be 504/6 + (-3)/1. Let l(a) = 8*a**2 - 1293*a - 5183. Let q be l(-4). What is the highest common factor of h and q?
9
Suppose j + 5*n - 11 = -0*n, 18 = -2*j - 2*n. Let p be j/((-3)/(-144)*-4). Calculate the greatest common divisor of 72 and p.
24
Suppose -12*a + 357 = 5*a. Suppose i + 2*n = a + 1, i = 2*n + 18. What is the greatest common divisor of i and 5?
5
Suppose -66*f + 525 = -59*f. Suppose 0 = y - 139 + f. What is the greatest common divisor of 24 and y?
8
Let x = 29 + 1. Let m be 6*5/(x/(-32)). Let o be (3/(-6) + 1)/((-4)/m). Calculate the highest common factor of 10 and o.
2
Suppose 57*f - 59*f = 2*k - 1296, 3280 = 5*k - 5*f. Calculate the highest common divisor of 16 and k.
4
Let k be (-8)/18 + 8/18. Let a be 63 - k/(5 + 1 + -3). Calculate the highest common divisor of 7 and a.
7
Let t(j) = 5*j + 15. Let n be t(43). What is the greatest common factor of 184 and n?
46
Let w be ((-2500)/(-375))/(((-2)/27)/((-102)/9)). Calculate the greatest common factor of w and 6885.
255
Suppose 0 = -13*m + 5*f + 1055, 5*m = -0*m - 3*f + 391. What is the greatest common factor of m and 2336?
16
Let c = 9 + -3. Let y(z) = -z + 13. Let o be y(6). Let v be 0 - (-4 + o + -5). Calculate the greatest common divisor of c and v.
2
Let c = 1827 - 1702. What is the greatest common divisor of 5 and c?
5
Let j(w) = w**2 - 38*w - 164. Let t be j(42). Suppose -4*r = -t*f + 316, -r = 2*f + 4*r - 137. Calculate the greatest common divisor of 133 and f.
19
Let j(k) = -21*k**2 - 19*k - 81. Let s be j(-4). Let v = -271 - s. Calculate the greatest common factor of 630 and v.
70
Let p(i) = -i**3 + 35*i**2 - 95*i - 18. Let c = 117 - 85. Let t be p(c). Suppose -f = 4*f - 105. Calculate the highest common factor of t and f.
7
Let y = -393 - -375. Let u be 8/3*y/(-4). What is the highest common factor of u and 324?
12
Let c = -20 + 88. Let d = c + -66. Suppose -t - 4*t = 5*f - 20, -5*t + d = -f. What is the greatest common factor of 21 and f?
3
Let g = -260 - -260. Suppose 39*u - 35*u - 184 = g. What is the greatest common divisor of 414 and u?
46
Suppose -16 = -j + 5. Let z = j + -19. Suppose -b = -z*i + 111, -4*i + 4*b + 129 = -91. Calculate the highest common factor of i and 140.
28
Let v = 149 - 155. Let m be -1*(6/(-4) - v/(-4)). What is the highest common divisor of 27 and m?
3
Let a be 4*(5 - 36/(-8)). Suppose 13*d = -21*d + 14212. Calculate the greatest common factor of a and d.
38
Let a(x) = -x**3 - 9*x**2 + x + 22. Let l be a(-9). Suppose -l*q + 10*q = -9. Let v = 354 + -351. What is the greatest common divisor of q and v?
3
Let f(a) = -a**3 - 16*a**2 + 31*a - 120. Let b be f(-20). Calculate the highest common divisor of b and 40.
20
Let x(a) = 496*a - 1127. Let u be x(17). What is the highest common divisor of 15 and u?
15
Let u(k) = 2*k**3 - 26*k**2 - 33*k - 1. Let h be u(15). Let j = 709 - h. Calculate the highest common divisor of j and 5.
5
Let m(v) = -186*v + 2791. Let s be m(15). Suppose 0 = -2*y + 50. Calculate the greatest common divisor of y and s.
1
Let o(z) = -z**2 - 347*z - 3035. Let c be o(-9). Calculate the highest common factor of 13 and c.
1
Suppose 0 = -2*d + 3*d - 253. Suppose -131 = -4*h + d. Suppose 2*s - 4*l - 12 = -0, -75 = -5*s - 5*l. What is the highest common divisor of s and h?
12
Suppose 37*k + 4*v + 9988 = 41*k, 5002 = 2*k - 3*v. What is the greatest common divisor of k and 76?
19
Suppose 8854*b - 8848*b = 204. What is the greatest common factor of b and 1853?
17
Let z = -134 + 186. What is the highest common factor of z and 247?
13
Let s(j) = -j**2 - 14*j - 42. Let p be s(-5). Let c(i) = i**3 + 2*i**2 - 6*i - 1. Let t be c(p). Calculate the greatest common divisor of t and 338.
26
Let r = -70 + 87. Let z be (-154)/(-35)*(r + -2). Let i = z - 62. Calculate the greatest common divisor of i and 8.
4
Let q be (10 + 11)/(3/371) - (2 + -9). Calculate the highest common divisor of q and 420.
84
Let m be ((-142 - 6) + 16)*(-2)/2. Let g = 34 + -22. Calculate the greatest common divisor of m and g.
12
Suppose 0 = -5*k - s + 4, -9 = -2*k - s - 5. Suppose 0 = -4*g + 3*z - 5 + 13, -5*g - 3*z + 10 = k. What is the greatest common divisor of 14 and g?
2
Suppose -329 = 2*w + 221. Let r = w - -627. Let g(j) = j**3 - 6*j**2 + 4*j + 8. Let p be g(6). Calculate the highest common divisor of r and p.
32
Suppose 5*o + 12*h - 13*h = 4719, 2*h - 2821 = -3*o. Calculate the highest common factor of o and 46.
23
Let p = -5319 - -10344. What is the greatest common divisor of p and 75?
75
Suppose -8*v + 3*v + 